{"id":243,"date":"2025-04-01T13:44:51","date_gmt":"2025-04-01T17:44:51","guid":{"rendered":"https:\/\/artefrio.com.ve\/?page_id=243"},"modified":"2025-04-02T09:16:37","modified_gmt":"2025-04-02T13:16:37","slug":"aplicaciones-industriales","status":"publish","type":"page","link":"https:\/\/artefrio.com.ve\/index.php\/aplicaciones-industriales\/","title":{"rendered":"Aplicaciones Industriales"},"content":{"rendered":"\n<div class=\"wp-block-group alignfull has-global-padding is-layout-constrained wp-container-core-group-is-layout-669513ed wp-block-group-is-layout-constrained\" style=\"margin-top:0;margin-bottom:0;padding-top:var(--wp--preset--spacing--50);padding-right:var(--wp--preset--spacing--50);padding-bottom:var(--wp--preset--spacing--50);padding-left:var(--wp--preset--spacing--50)\">\n<div class=\"wp-block-columns alignwide is-layout-flex wp-container-core-columns-is-layout-28f84493 wp-block-columns-is-layout-flex\">\n<div class=\"wp-block-column is-layout-flow wp-block-column-is-layout-flow\" style=\"flex-basis:40%\">\n<p><strong>Soluciones de Refrigeraci\u00f3n a Gran Escala<\/strong>.<\/p>\n<\/div>\n\n\n\n<div class=\"wp-block-column is-layout-flow wp-block-column-is-layout-flow\" style=\"flex-basis:60%\">\n<p class=\"has-heading-font-family has-large-font-size\" style=\"line-height:1.2\">Nuestras <strong>aplicaciones industriales<\/strong> est\u00e1n enfocadas en empresas que requieren sistemas de <strong>alto rendimiento y personalizaci\u00f3n<\/strong>, asegurando la conservaci\u00f3n \u00f3ptima de productos y el funcionamiento eficiente de sus operaciones.<\/p>\n<\/div>\n<\/div>\n\n\n\n<div style=\"height:var(--wp--preset--spacing--40)\" aria-hidden=\"true\" class=\"wp-block-spacer\"><\/div>\n\n\n\n<figure class=\"wp-block-image alignwide size-full is-style-rounded is-style-rounded--1\"><img loading=\"lazy\" decoding=\"async\" width=\"953\" height=\"750\" src=\"https:\/\/artefrio.com.ve\/wp-content\/uploads\/2024\/08\/Rack_01.jpg\" alt=\"Servicios de Artefrio C.A.\" class=\"wp-image-127\" srcset=\"https:\/\/artefrio.com.ve\/wp-content\/uploads\/2024\/08\/Rack_01.jpg 953w, https:\/\/artefrio.com.ve\/wp-content\/uploads\/2024\/08\/Rack_01-300x236.jpg 300w, https:\/\/artefrio.com.ve\/wp-content\/uploads\/2024\/08\/Rack_01-768x604.jpg 768w\" sizes=\"auto, (max-width: 953px) 100vw, 953px\" \/><\/figure>\n<\/div>\n\n\n\n<div class=\"wp-block-group alignfull has-background has-global-padding is-layout-constrained wp-container-core-group-is-layout-301020a0 wp-block-group-is-layout-constrained\" style=\"background-color:#ebebeb;padding-top:var(--wp--preset--spacing--50);padding-right:var(--wp--preset--spacing--50);padding-bottom:var(--wp--preset--spacing--50);padding-left:var(--wp--preset--spacing--50)\">\n<div class=\"wp-block-columns alignwide is-layout-flex wp-container-core-columns-is-layout-08c01c1c wp-block-columns-is-layout-flex\">\n<div class=\"wp-block-column is-layout-flow wp-block-column-is-layout-flow\" style=\"flex-basis:33%\">\n<p class=\"has-heading-font-family has-large-font-size\" style=\"line-height:1.2\"><strong>Beneficios de <strong>Nuestras Aplicaciones Industriales<\/strong><\/strong><\/p>\n<\/div>\n\n\n\n<div class=\"wp-block-column is-layout-flow wp-container-core-column-is-layout-119bc444 wp-block-column-is-layout-flow\">\n<div class=\"wp-block-group is-layout-grid wp-container-core-group-is-layout-b694d6cf wp-block-group-is-layout-grid\">\n<div class=\"wp-block-group is-vertical is-content-justification-left is-nowrap is-layout-flex wp-container-core-group-is-layout-970da055 wp-block-group-is-layout-flex\">\n<p style=\"font-style:normal;font-weight:500\"><strong>Alta eficiencia energ\u00e9tica<\/strong><\/p>\n\n\n\n<p>Equipos dise\u00f1ados para reducir el consumo el\u00e9ctrico y optimizar costos operativos.<\/p>\n<\/div>\n\n\n\n<div class=\"wp-block-group is-vertical is-nowrap is-layout-flex wp-container-core-group-is-layout-3655d5c7 wp-block-group-is-layout-flex\">\n<p style=\"font-style:normal;font-weight:500\"><strong><strong>Sistemas a medida<\/strong><\/strong><\/p>\n\n\n\n<p>Soluciones adaptadas a los requerimientos espec\u00edficos de cada industria.<\/p>\n<\/div>\n<\/div>\n\n\n\n<div class=\"wp-block-group is-layout-grid wp-container-core-group-is-layout-b694d6cf wp-block-group-is-layout-grid\">\n<div class=\"wp-block-group is-vertical is-nowrap is-layout-flex wp-container-core-group-is-layout-3655d5c7 wp-block-group-is-layout-flex\">\n<p style=\"font-style:normal;font-weight:500\"><strong><strong>Alta capacidad de enfriamiento<\/strong><\/strong><\/p>\n\n\n\n<p>Tecnolog\u00eda avanzada para un rendimiento \u00f3ptimo en entornos exigentes.<\/p>\n<\/div>\n\n\n\n<div class=\"wp-block-group is-vertical is-nowrap is-layout-flex wp-container-core-group-is-layout-3655d5c7 wp-block-group-is-layout-flex\">\n<p style=\"font-style:normal;font-weight:500\"><strong><strong>Durabilidad y resistencia<\/strong><\/strong><\/p>\n\n\n\n<p>Componentes robustos que garantizan una larga vida \u00fatil.<\/p>\n<\/div>\n<\/div>\n<\/div>\n<\/div>\n<\/div>\n\n\n\n<div style=\"height:120px\" aria-hidden=\"true\" class=\"wp-block-spacer\"><\/div>\n\n\n\n<figure class=\"wp-block-gallery alignwide has-nested-images columns-3 is-cropped wp-block-gallery-5 is-layout-flex wp-block-gallery-is-layout-flex\">\n<figure class=\"wp-block-image size-large is-style-rounded is-style-rounded--2\"><img loading=\"lazy\" decoding=\"async\" width=\"1024\" height=\"776\" data-id=\"143\" src=\"https:\/\/artefrio.com.ve\/wp-content\/uploads\/2024\/08\/Rack_02-1024x776.jpg\" alt=\"Servicios de Artefrio C.A.\" class=\"wp-image-143\" srcset=\"https:\/\/artefrio.com.ve\/wp-content\/uploads\/2024\/08\/Rack_02-1024x776.jpg 1024w, https:\/\/artefrio.com.ve\/wp-content\/uploads\/2024\/08\/Rack_02-300x227.jpg 300w, https:\/\/artefrio.com.ve\/wp-content\/uploads\/2024\/08\/Rack_02-768x582.jpg 768w, https:\/\/artefrio.com.ve\/wp-content\/uploads\/2024\/08\/Rack_02.jpg 1050w\" sizes=\"auto, (max-width: 1024px) 100vw, 1024px\" \/><\/figure>\n\n\n\n<figure class=\"wp-block-image size-large is-style-rounded is-style-rounded--3\"><img loading=\"lazy\" decoding=\"async\" width=\"768\" height=\"1024\" data-id=\"354\" src=\"https:\/\/artefrio.com.ve\/wp-content\/uploads\/2025\/04\/Imagen-de-WhatsApp-2024-07-04-a-las-17.33.03_5d1cbacb-768x1024.jpg\" alt=\"\" class=\"wp-image-354\" srcset=\"https:\/\/artefrio.com.ve\/wp-content\/uploads\/2025\/04\/Imagen-de-WhatsApp-2024-07-04-a-las-17.33.03_5d1cbacb-768x1024.jpg 768w, https:\/\/artefrio.com.ve\/wp-content\/uploads\/2025\/04\/Imagen-de-WhatsApp-2024-07-04-a-las-17.33.03_5d1cbacb-225x300.jpg 225w, https:\/\/artefrio.com.ve\/wp-content\/uploads\/2025\/04\/Imagen-de-WhatsApp-2024-07-04-a-las-17.33.03_5d1cbacb.jpg 810w\" sizes=\"auto, (max-width: 768px) 100vw, 768px\" \/><\/figure>\n\n\n\n<figure class=\"wp-block-image size-large is-style-rounded is-style-rounded--4\"><img loading=\"lazy\" decoding=\"async\" width=\"1005\" height=\"565\" data-id=\"144\" src=\"https:\/\/artefrio.com.ve\/wp-content\/uploads\/2024\/08\/Rack_03.jpg\" alt=\"Servicios de Artefrio C.A.\" class=\"wp-image-144\" srcset=\"https:\/\/artefrio.com.ve\/wp-content\/uploads\/2024\/08\/Rack_03.jpg 1005w, https:\/\/artefrio.com.ve\/wp-content\/uploads\/2024\/08\/Rack_03-300x169.jpg 300w, https:\/\/artefrio.com.ve\/wp-content\/uploads\/2024\/08\/Rack_03-768x432.jpg 768w\" sizes=\"auto, (max-width: 1005px) 100vw, 1005px\" \/><\/figure>\n<\/figure>\n\n\n\n<div class=\"wp-block-group alignfull has-base-background-color has-background has-global-padding is-layout-constrained wp-container-core-group-is-layout-d89aad35 wp-block-group-is-layout-constrained\" style=\"margin-top:0;margin-bottom:0;padding-top:var(--wp--preset--spacing--50);padding-right:var(--wp--preset--spacing--50);padding-bottom:var(--wp--preset--spacing--50);padding-left:var(--wp--preset--spacing--50)\">\n<div class=\"wp-block-columns alignwide is-layout-flex wp-container-core-columns-is-layout-549b0c86 wp-block-columns-is-layout-flex\">\n<div class=\"wp-block-column has-global-padding is-content-justification-left is-layout-constrained wp-container-core-column-is-layout-4f15e8fe wp-block-column-is-layout-constrained\" style=\"flex-basis:40%\">\n<p>En Artefrio, desarrollamos soluciones de refrigeraci\u00f3n industrial dise\u00f1adas para cumplir con los m\u00e1s altos est\u00e1ndares de eficiencia, seguridad y durabilidad.<\/p>\n<\/div>\n\n\n\n<div class=\"wp-block-column is-layout-flow wp-container-core-column-is-layout-119bc444 wp-block-column-is-layout-flow\" style=\"flex-basis:60%\">\n<p class=\"has-heading-font-family has-x-large-font-size\" style=\"line-height:1.2\">Ofrecemos <strong>dise\u00f1o, instalaci\u00f3n y mantenimiento<\/strong> de sistemas industriales adaptados a cada tipo de negocio, garantizando <strong>un consumo energ\u00e9tico optimizado y m\u00e1xima confiabilidad<\/strong>.<\/p>\n\n\n\n<div class=\"wp-block-columns is-layout-flex wp-container-core-columns-is-layout-87beb0d0 wp-block-columns-is-layout-flex\">\n<div class=\"wp-block-column is-layout-flow wp-block-column-is-layout-flow\">\n<p class=\"wp-container-content-9cfa9a5a\"><strong>Racks de refrigeraci\u00f3n<\/strong>: Sistemas modulares dise\u00f1ados para maximizar la eficiencia y reducir el espacio requerido.<\/p>\n\n\n\n<p class=\"wp-container-content-9cfa9a5a\"><strong>Unidades condensadoras<\/strong>: Equipos de alto rendimiento que garantizan la estabilidad t\u00e9rmica en aplicaciones industriales.<\/p>\n\n\n\n<p><strong>Desarrollos especiales<\/strong>: Soluciones personalizadas seg\u00fan las necesidades espec\u00edficas de cada industria.<\/p>\n<\/div>\n<\/div>\n<\/div>\n<\/div>\n<\/div>\n\n\n\n<div class=\"wp-block-cover alignfull has-parallax\" style=\"padding-top:var(--wp--preset--spacing--50);padding-right:var(--wp--preset--spacing--50);padding-bottom:var(--wp--preset--spacing--50);padding-left:var(--wp--preset--spacing--50);min-height:100vh;aspect-ratio:unset;\"><span aria-hidden=\"true\" class=\"wp-block-cover__background has-base-background-color has-background-dim-0 has-background-dim\"><\/span><div class=\"wp-block-cover__image-background wp-image-247 has-parallax\" style=\"background-position:50% 50%;background-image:url(https:\/\/artefrio.com.ve\/wp-content\/uploads\/2025\/04\/rack.webp)\"><\/div><div class=\"wp-block-cover__inner-container has-global-padding is-layout-constrained wp-container-core-cover-is-layout-e4fd886c wp-block-cover-is-layout-constrained\">\n<div style=\"height:500px\" aria-hidden=\"true\" class=\"wp-block-spacer\"><\/div>\n<\/div><\/div>\n\n\n\n<div class=\"wp-block-group alignfull has-base-background-color has-background has-global-padding is-layout-constrained wp-container-core-group-is-layout-d89aad35 wp-block-group-is-layout-constrained\" style=\"margin-top:0;margin-bottom:0;padding-top:var(--wp--preset--spacing--50);padding-right:var(--wp--preset--spacing--50);padding-bottom:var(--wp--preset--spacing--50);padding-left:var(--wp--preset--spacing--50)\">\n<div class=\"wp-block-columns alignwide is-layout-flex wp-container-core-columns-is-layout-549b0c86 wp-block-columns-is-layout-flex\">\n<div class=\"wp-block-column has-global-padding is-content-justification-left is-layout-constrained wp-container-core-column-is-layout-4f15e8fe wp-block-column-is-layout-constrained\" style=\"flex-basis:40%\">\n<p>Nuestros sistemas de <strong>Aplicaciones Industriales<\/strong> son ideales para:<\/p>\n<\/div>\n\n\n\n<div class=\"wp-block-column is-layout-flow wp-container-core-column-is-layout-119bc444 wp-block-column-is-layout-flow\" style=\"flex-basis:60%\">\n<ul class=\"wp-block-list\">\n<li>Plantas procesadoras de alimentos y bebidas.<\/li>\n\n\n\n<li>Centros de distribuci\u00f3n refrigerada.<\/li>\n\n\n\n<li>Plantas de hielo y f\u00e1bricas de helados.<\/li>\n\n\n\n<li>Supermercados y grandes almacenes.<\/li>\n\n\n\n<li>Industria farmac\u00e9utica y laboratorios.<\/li>\n\n\n\n<li>Procesamiento de carnes, pescados y productos congelados.<\/li>\n<\/ul>\n<\/div>\n<\/div>\n<\/div>\n\n\n\n<div class=\"wp-block-group alignfull has-global-padding is-layout-constrained wp-container-core-group-is-layout-d89aad35 wp-block-group-is-layout-constrained\" style=\"margin-top:0;margin-bottom:0;padding-top:var(--wp--preset--spacing--50);padding-right:var(--wp--preset--spacing--50);padding-bottom:var(--wp--preset--spacing--50);padding-left:var(--wp--preset--spacing--50)\">\n<div class=\"wp-block-group alignwide has-base-2-background-color has-background has-global-padding is-layout-constrained wp-container-core-group-is-layout-39412042 wp-block-group-is-layout-constrained\" style=\"border-radius:16px;padding-top:var(--wp--preset--spacing--40);padding-right:var(--wp--preset--spacing--50);padding-bottom:var(--wp--preset--spacing--40);padding-left:var(--wp--preset--spacing--50)\">\n<div style=\"height:var(--wp--preset--spacing--10)\" aria-hidden=\"true\" class=\"wp-block-spacer\"><\/div>\n\n\n\n<h2 class=\"wp-block-heading has-text-align-center has-x-large-font-size\"><strong>\u00a1Cont\u00e1ctanos!<\/strong><\/h2>\n\n\n\n<p class=\"has-text-align-center\">Si necesitas una soluci\u00f3n de refrigeraci\u00f3n industrial eficiente y adaptada a tu negocio, en Artefrio estamos listos para ayudarte.<\/p>\n\n\n\n<div class=\"wp-block-buttons is-content-justification-center is-layout-flex wp-container-core-buttons-is-layout-a89b3969 wp-block-buttons-is-layout-flex\">\n<div class=\"wp-block-button\"><a class=\"wp-block-button__link wp-element-button\">SOLICITAR PRESUPUESTO<\/a><\/div>\n<\/div>\n\n\n\n<div style=\"height:var(--wp--preset--spacing--10)\" aria-hidden=\"true\" class=\"wp-block-spacer\"><\/div>\n<\/div>\n<\/div>\n","protected":false},"excerpt":{"rendered":"<p>Soluciones de Refrigeraci\u00f3n a Gran Escala. Nuestras aplicaciones industriales est\u00e1n enfocadas en empresas que requieren sistemas de alto rendimiento y personalizaci\u00f3n, asegurando la conservaci\u00f3n \u00f3ptima de productos y el funcionamiento eficiente de sus operaciones. Beneficios de Nuestras Aplicaciones Industriales Alta eficiencia energ\u00e9tica Equipos dise\u00f1ados para reducir el consumo el\u00e9ctrico y optimizar costos operativos. Sistemas a [&hellip;]<\/p>\n","protected":false},"author":1,"featured_media":0,"parent":0,"menu_order":0,"comment_status":"closed","ping_status":"closed","template":"","meta":{"footnotes":""},"class_list":["post-243","page","type-page","status-publish","hentry"],"yoast_head":"<!-- This site is optimized with the Yoast SEO plugin v27.6 - https:\/\/yoast.com\/product\/yoast-seo-wordpress\/ -->\n<title>Aplicaciones Industriales - Artefrio C.A.<\/title>\n<meta name=\"robots\" content=\"index, follow, max-snippet:-1, max-image-preview:large, max-video-preview:-1\" \/>\n<link rel=\"canonical\" href=\"https:\/\/artefrio.com.ve\/index.php\/aplicaciones-industriales\/\" \/>\n<meta property=\"og:locale\" content=\"es_ES\" \/>\n<meta property=\"og:type\" content=\"article\" \/>\n<meta property=\"og:title\" content=\"Aplicaciones Industriales - Artefrio C.A.\" \/>\n<meta property=\"og:description\" content=\"Soluciones de Refrigeraci\u00f3n a Gran Escala. Nuestras aplicaciones industriales est\u00e1n enfocadas en empresas que requieren sistemas de alto rendimiento y personalizaci\u00f3n, asegurando la conservaci\u00f3n \u00f3ptima de productos y el funcionamiento eficiente de sus operaciones. Beneficios de Nuestras Aplicaciones Industriales Alta eficiencia energ\u00e9tica Equipos dise\u00f1ados para reducir el consumo el\u00e9ctrico y optimizar costos operativos. Sistemas a [&hellip;]\" \/>\n<meta property=\"og:url\" content=\"https:\/\/artefrio.com.ve\/index.php\/aplicaciones-industriales\/\" \/>\n<meta property=\"og:site_name\" content=\"Artefrio C.A.\" \/>\n<meta property=\"article:modified_time\" content=\"2025-04-02T13:16:37+00:00\" \/>\n<meta property=\"og:image\" content=\"https:\/\/artefrio.com.ve\/wp-content\/uploads\/2024\/08\/Rack_01.jpg\" \/>\n\t<meta property=\"og:image:width\" content=\"953\" \/>\n\t<meta property=\"og:image:height\" content=\"750\" \/>\n\t<meta property=\"og:image:type\" content=\"image\/jpeg\" \/>\n<meta name=\"twitter:card\" content=\"summary_large_image\" \/>\n<meta name=\"twitter:label1\" content=\"Tiempo de lectura\" \/>\n\t<meta name=\"twitter:data1\" content=\"2 minutos\" \/>\n<script type=\"application\/ld+json\" class=\"yoast-schema-graph\">{\"@context\":\"https:\\\/\\\/schema.org\",\"@graph\":[{\"@type\":\"WebPage\",\"@id\":\"https:\\\/\\\/artefrio.com.ve\\\/index.php\\\/aplicaciones-industriales\\\/\",\"url\":\"https:\\\/\\\/artefrio.com.ve\\\/index.php\\\/aplicaciones-industriales\\\/\",\"name\":\"Aplicaciones Industriales - Artefrio C.A.\",\"isPartOf\":{\"@id\":\"https:\\\/\\\/artefrio.com.ve\\\/#website\"},\"primaryImageOfPage\":{\"@id\":\"https:\\\/\\\/artefrio.com.ve\\\/index.php\\\/aplicaciones-industriales\\\/#primaryimage\"},\"image\":{\"@id\":\"https:\\\/\\\/artefrio.com.ve\\\/index.php\\\/aplicaciones-industriales\\\/#primaryimage\"},\"thumbnailUrl\":\"https:\\\/\\\/artefrio.com.ve\\\/wp-content\\\/uploads\\\/2024\\\/08\\\/Rack_01.jpg\",\"datePublished\":\"2025-04-01T17:44:51+00:00\",\"dateModified\":\"2025-04-02T13:16:37+00:00\",\"breadcrumb\":{\"@id\":\"https:\\\/\\\/artefrio.com.ve\\\/index.php\\\/aplicaciones-industriales\\\/#breadcrumb\"},\"inLanguage\":\"es\",\"potentialAction\":[{\"@type\":\"ReadAction\",\"target\":[\"https:\\\/\\\/artefrio.com.ve\\\/index.php\\\/aplicaciones-industriales\\\/\"]}]},{\"@type\":\"ImageObject\",\"inLanguage\":\"es\",\"@id\":\"https:\\\/\\\/artefrio.com.ve\\\/index.php\\\/aplicaciones-industriales\\\/#primaryimage\",\"url\":\"https:\\\/\\\/artefrio.com.ve\\\/wp-content\\\/uploads\\\/2024\\\/08\\\/Rack_01.jpg\",\"contentUrl\":\"https:\\\/\\\/artefrio.com.ve\\\/wp-content\\\/uploads\\\/2024\\\/08\\\/Rack_01.jpg\",\"width\":953,\"height\":750,\"caption\":\"Aplicaciones Industriales\"},{\"@type\":\"BreadcrumbList\",\"@id\":\"https:\\\/\\\/artefrio.com.ve\\\/index.php\\\/aplicaciones-industriales\\\/#breadcrumb\",\"itemListElement\":[{\"@type\":\"ListItem\",\"position\":1,\"name\":\"Portada\",\"item\":\"https:\\\/\\\/artefrio.com.ve\\\/\"},{\"@type\":\"ListItem\",\"position\":2,\"name\":\"Aplicaciones Industriales\"}]},{\"@type\":\"WebSite\",\"@id\":\"https:\\\/\\\/artefrio.com.ve\\\/#website\",\"url\":\"https:\\\/\\\/artefrio.com.ve\\\/\",\"name\":\"Artefrio C.A.\",\"description\":\"Refrigeraci\u00f3n Comercial e Industrial\",\"publisher\":{\"@id\":\"https:\\\/\\\/artefrio.com.ve\\\/#organization\"},\"potentialAction\":[{\"@type\":\"SearchAction\",\"target\":{\"@type\":\"EntryPoint\",\"urlTemplate\":\"https:\\\/\\\/artefrio.com.ve\\\/?s={search_term_string}\"},\"query-input\":{\"@type\":\"PropertyValueSpecification\",\"valueRequired\":true,\"valueName\":\"search_term_string\"}}],\"inLanguage\":\"es\"},{\"@type\":\"Organization\",\"@id\":\"https:\\\/\\\/artefrio.com.ve\\\/#organization\",\"name\":\"Artefrio C.A.\",\"url\":\"https:\\\/\\\/artefrio.com.ve\\\/\",\"logo\":{\"@type\":\"ImageObject\",\"inLanguage\":\"es\",\"@id\":\"https:\\\/\\\/artefrio.com.ve\\\/#\\\/schema\\\/logo\\\/image\\\/\",\"url\":\"https:\\\/\\\/artefrio.com.ve\\\/wp-content\\\/uploads\\\/2024\\\/07\\\/Logo-Artefrio-01.png\",\"contentUrl\":\"https:\\\/\\\/artefrio.com.ve\\\/wp-content\\\/uploads\\\/2024\\\/07\\\/Logo-Artefrio-01.png\",\"width\":2084,\"height\":686,\"caption\":\"Artefrio C.A.\"},\"image\":{\"@id\":\"https:\\\/\\\/artefrio.com.ve\\\/#\\\/schema\\\/logo\\\/image\\\/\"},\"sameAs\":[\"https:\\\/\\\/www.instagram.com\\\/artefrio.ca\\\/\"]}]}<\/script>\n<!-- \/ Yoast SEO plugin. -->","yoast_head_json":{"title":"Aplicaciones Industriales - Artefrio C.A.","robots":{"index":"index","follow":"follow","max-snippet":"max-snippet:-1","max-image-preview":"max-image-preview:large","max-video-preview":"max-video-preview:-1"},"canonical":"https:\/\/artefrio.com.ve\/index.php\/aplicaciones-industriales\/","og_locale":"es_ES","og_type":"article","og_title":"Aplicaciones Industriales - Artefrio C.A.","og_description":"Soluciones de Refrigeraci\u00f3n a Gran Escala. Nuestras aplicaciones industriales est\u00e1n enfocadas en empresas que requieren sistemas de alto rendimiento y personalizaci\u00f3n, asegurando la conservaci\u00f3n \u00f3ptima de productos y el funcionamiento eficiente de sus operaciones. Beneficios de Nuestras Aplicaciones Industriales Alta eficiencia energ\u00e9tica Equipos dise\u00f1ados para reducir el consumo el\u00e9ctrico y optimizar costos operativos. Sistemas a [&hellip;]","og_url":"https:\/\/artefrio.com.ve\/index.php\/aplicaciones-industriales\/","og_site_name":"Artefrio C.A.","article_modified_time":"2025-04-02T13:16:37+00:00","og_image":[{"width":953,"height":750,"url":"https:\/\/artefrio.com.ve\/wp-content\/uploads\/2024\/08\/Rack_01.jpg","type":"image\/jpeg"}],"twitter_card":"summary_large_image","twitter_misc":{"Tiempo de lectura":"2 minutos"},"schema":{"@context":"https:\/\/schema.org","@graph":[{"@type":"WebPage","@id":"https:\/\/artefrio.com.ve\/index.php\/aplicaciones-industriales\/","url":"https:\/\/artefrio.com.ve\/index.php\/aplicaciones-industriales\/","name":"Aplicaciones Industriales - Artefrio C.A.","isPartOf":{"@id":"https:\/\/artefrio.com.ve\/#website"},"primaryImageOfPage":{"@id":"https:\/\/artefrio.com.ve\/index.php\/aplicaciones-industriales\/#primaryimage"},"image":{"@id":"https:\/\/artefrio.com.ve\/index.php\/aplicaciones-industriales\/#primaryimage"},"thumbnailUrl":"https:\/\/artefrio.com.ve\/wp-content\/uploads\/2024\/08\/Rack_01.jpg","datePublished":"2025-04-01T17:44:51+00:00","dateModified":"2025-04-02T13:16:37+00:00","breadcrumb":{"@id":"https:\/\/artefrio.com.ve\/index.php\/aplicaciones-industriales\/#breadcrumb"},"inLanguage":"es","potentialAction":[{"@type":"ReadAction","target":["https:\/\/artefrio.com.ve\/index.php\/aplicaciones-industriales\/"]}]},{"@type":"ImageObject","inLanguage":"es","@id":"https:\/\/artefrio.com.ve\/index.php\/aplicaciones-industriales\/#primaryimage","url":"https:\/\/artefrio.com.ve\/wp-content\/uploads\/2024\/08\/Rack_01.jpg","contentUrl":"https:\/\/artefrio.com.ve\/wp-content\/uploads\/2024\/08\/Rack_01.jpg","width":953,"height":750,"caption":"Aplicaciones Industriales"},{"@type":"BreadcrumbList","@id":"https:\/\/artefrio.com.ve\/index.php\/aplicaciones-industriales\/#breadcrumb","itemListElement":[{"@type":"ListItem","position":1,"name":"Portada","item":"https:\/\/artefrio.com.ve\/"},{"@type":"ListItem","position":2,"name":"Aplicaciones Industriales"}]},{"@type":"WebSite","@id":"https:\/\/artefrio.com.ve\/#website","url":"https:\/\/artefrio.com.ve\/","name":"Artefrio C.A.","description":"Refrigeraci\u00f3n Comercial e Industrial","publisher":{"@id":"https:\/\/artefrio.com.ve\/#organization"},"potentialAction":[{"@type":"SearchAction","target":{"@type":"EntryPoint","urlTemplate":"https:\/\/artefrio.com.ve\/?s={search_term_string}"},"query-input":{"@type":"PropertyValueSpecification","valueRequired":true,"valueName":"search_term_string"}}],"inLanguage":"es"},{"@type":"Organization","@id":"https:\/\/artefrio.com.ve\/#organization","name":"Artefrio C.A.","url":"https:\/\/artefrio.com.ve\/","logo":{"@type":"ImageObject","inLanguage":"es","@id":"https:\/\/artefrio.com.ve\/#\/schema\/logo\/image\/","url":"https:\/\/artefrio.com.ve\/wp-content\/uploads\/2024\/07\/Logo-Artefrio-01.png","contentUrl":"https:\/\/artefrio.com.ve\/wp-content\/uploads\/2024\/07\/Logo-Artefrio-01.png","width":2084,"height":686,"caption":"Artefrio C.A."},"image":{"@id":"https:\/\/artefrio.com.ve\/#\/schema\/logo\/image\/"},"sameAs":["https:\/\/www.instagram.com\/artefrio.ca\/"]}]}},"_links":{"self":[{"href":"https:\/\/artefrio.com.ve\/index.php\/wp-json\/wp\/v2\/pages\/243","targetHints":{"allow":["GET"]}}],"collection":[{"href":"https:\/\/artefrio.com.ve\/index.php\/wp-json\/wp\/v2\/pages"}],"about":[{"href":"https:\/\/artefrio.com.ve\/index.php\/wp-json\/wp\/v2\/types\/page"}],"author":[{"embeddable":true,"href":"https:\/\/artefrio.com.ve\/index.php\/wp-json\/wp\/v2\/users\/1"}],"replies":[{"embeddable":true,"href":"https:\/\/artefrio.com.ve\/index.php\/wp-json\/wp\/v2\/comments?post=243"}],"version-history":[{"count":13,"href":"https:\/\/artefrio.com.ve\/index.php\/wp-json\/wp\/v2\/pages\/243\/revisions"}],"predecessor-version":[{"id":356,"href":"https:\/\/artefrio.com.ve\/index.php\/wp-json\/wp\/v2\/pages\/243\/revisions\/356"}],"wp:attachment":[{"href":"https:\/\/artefrio.com.ve\/index.php\/wp-json\/wp\/v2\/media?parent=243"}],"curies":[{"name":"wp","href":"https:\/\/api.w.org\/{rel}","templated":true}]}}